). Suppose 986 = -t*h + 3814. Suppose -5*f + h = -548. Is f a composite number?
False
Suppose -4*o + 11*r = 6*r + 8795, o = 4*r - 2207. Let l = o + 4168. Is l a prime number?
True
Suppose -5114*c + 14728453 = -5043*c. Is c composite?
False
Is (-8)/(184/(-377361)) + (2 - 0) a composite number?
True
Is -3 + 7225764/98 - 4/14 a prime number?
False
Let c = -86597 - -530850. Is c composite?
False
Let l(v) = 83*v**3 + 2*v**2 - v + 8. Let k be l(2). Let m = k + -5. Is m prime?
True
Suppose -2*u + 4*t + 52331 + 22743 = 0, -4*u - t + 150112 = 0. Is u a prime number?
True
Let k(u) = -2*u**2 - 1. Let p(v) = -5*v**2 + 11*v - 24. Let h(o) = -6*k(o) - 2*p(o). Is h(8) composite?
True
Let m be 16716/462 - (-2)/(-11). Is (2/(-12) + (-12)/m)*-1578 a prime number?
False
Let z = 75 - 63. Suppose -z*i = i - 22867. Is i prime?
True
Suppose 24*t = 23*t + 5*d + 95681, -2*d + 8 = 0. Is t prime?
True
Let a(t) = t - 19. Let q be a(-13). Let j = 35 + q. Suppose -x = j*x - 156. Is x prime?
False
Let g = -21505 + 154322. Is g composite?
False
Let n = -35 + 172. Suppose 142*m = n*m + 3175. Is m prime?
False
Suppose 3*x + 4*j = -1751, 13*x = 12*x - 3*j - 587. Let k = -370 - x. Is k composite?
False
Let v = 112423 - 5073. Let j = -36867 + v. Is j prime?
False
Let s = 179 + -638. Is (-188)/6*s/18 a composite number?
True
Let h = -42608 - -221091. Is h composite?
True
Suppose 24*b = -33*b - 57. Let g = -63 + 26. Is 4 - g*(10 + b) a composite number?
False
Suppose -2 = 10*v - 9*v. Let c be -607 - (-4 - (0 + 2 + v)). Let y = -224 - c. Is y a composite number?
False
Let p be 54/45*(-10)/(-3). Suppose 5*g = -p*y + 37, 5*y - g - 39 = -0*y. Is (y/12)/(((-4)/2517)/(-2)) prime?
True
Suppose r - 3*g - 163022 = 0, 712459 + 102664 = 5*r - 2*g. Suppose -11*t + r = 14*t. Is t prime?
True
Is (-285022)/(-9) - ((-455)/819)/((-5)/1) a prime number?
False
Let k be (5 - 1) + 14 + 96. Suppose 2*b + 2*m - 178 = 0, 3*b - 161 = -m + k. Suppose -4*n = -n - b. Is n prime?
True
Let w = 18 + -20. Let y(p) = -68*p**3 + 3*p**2 - 4*p - 1. Is y(w) a prime number?
True
Let z(p) = 2*p**3 - 89*p**2 - 42*p - 94. Is z(47) composite?
True
Let a(d) = 2076*d**2 - 482*d - 9. Is a(4) prime?
False
Let u be (-443)/((32/20)/(-8)). Let f = u + 504. Is f a composite number?
False
Is 8/6 - (-139409)/3 a prime number?
True
Suppose -9*i - 15 = -6*i. Let a be 4158/4 + -1 + i/(-10). Let b = a - 98. Is b a composite number?
False
Let p be ((-49170)/(-275))/((-4)/(-70)). Let a = p - 1772. Is a a prime number?
False
Suppose -3*k + 4*z + 83213 = -29848, 4*z - 113013 = -3*k. Is k composite?
True
Let t(p) = 220*p**2 - 15*p + 54. Is t(-49) composite?
True
Suppose 0 = -3*f - 40*f + 215. Suppose -2*g - 60247 = -5*u, -3*u + 57910 - 21768 = f*g. Is u prime?
True
Let h = 3672 - 1345. Let m(u) = -72*u**2 - 7*u - 6. Let k be m(4). Let f = k + h. Is f a prime number?
False
Let w = 63814 - 21837. Is w composite?
True
Suppose -3*q = -b + 2*b - 4738, b = -2*q + 4734. Suppose 5*v = 0, 4*v + 4714 = -4*o - b. Let y = -1293 - o. Is y a composite number?
True
Let u = -317004 - -629027. Is u prime?
True
Suppose 4*d - 5*l - 212216 = 0, 133*d = 130*d + 2*l + 159169. Is d a composite number?
True
Let u = 61 + -52. Let w(m) = 61*m**2 - 28*m + 28. Is w(u) a composite number?
True
Let f(i) be the third derivative of 0 - 1/120*i**6 - 3/20*i**5 + 0*i - 1/12*i**4 - 13/6*i**3 + 5*i**2. Is f(-11) a prime number?
True
Let w = -61 - -62. Let u = 3 - w. Suppose -2*v = u*v + 3*l - 9278, -3*v + 6965 = -l. Is v prime?
False
Let o(f) = 4*f - 466. Suppose 0 = 6*n - n + 25, x - 15 = 3*n. Let l be o(x). Let d = 7 - l. Is d prime?
False
Let j(w) be the third derivative of w**4/12 - w**3 - 3*w**2. Let m be j(8). Suppose -6*n = -m*n + 1016. Is n composite?
True
Let f = -24 + 23. Let m(t) = -t**3 + t**2 - t + 3. Let j(w) = -904*w**3 - w + 8. Let o(x) = j(x) - 2*m(x). Is o(f) composite?
True
Let p(s) = 3402*s**2 - 13*s + 39. Let m be p(3). Suppose -13*a = -m - 12191. Is a a prime number?
False
Suppose -2*x - p = 3*p - 108, 216 = 4*x - 5*p. Let s = 58 - x. Suppose s*z - 1344 = -340. Is z a composite number?
False
Let c(j) be the first derivative of 73*j**3 + 8*j**2 + 13*j - 23. Is c(-6) a prime number?
False
Suppose 22*o = -341918 + 4082776. Is o a composite number?
True
Let b(r) = r**3 - 5*r**2 + 4*r. Let l be b(4). Let h(o) = -4*o + 1745. Let z(t) = 3*t - 1744. Let j(c) = -5*h(c) - 6*z(c). Is j(l) prime?
False
Let a(g) = 1488*g + 71. Let b be (-114)/(-36) - (-2)/(-12). Is a(b) a composite number?
True
Let j(a) = -82*a - 163. Let r(m) = -2*m**2 - 12*m - 6. Let l be r(-6). Is j(l) composite?
True
Suppose 12*y = 2*y - 80. Let u be y/(-4)*(0 + -1 - -452). Let r = u + 831. Is r a composite number?
False
Let r be (21/(-14))/((-2)/((-184)/3)). Let a = r + 51. Suppose 0 = a*x - 2119 - 2676. Is x a composite number?
True
Let h = 100587 - 47698. Is h composite?
False
Let s(j) = -2*j. Let c(b) = -1111*b - 1. Let x(n) = c(n) + 2*s(n). Let y(u) = -223*u. Let z(g) = 2*x(g) - 11*y(g). Is z(1) prime?
False
Suppose 1582073 = -2603*i + 2622*i. Is i prime?
True
Let h(l) = -459*l**2 + 16*l - 59. Let t be h(20). Is 6*-1 + t/(-9) prime?
False
Let n(s) = 857*s**2 - 15*s - 31. Is n(-3) prime?
True
Let b(m) = 37*m**2 + 3*m + 2. Let u be b(-1). Suppose -14*p + u = 106. Let t(s) = 36*s**2 - 3*s + 6. Is t(p) composite?
True
Suppose 5*g = 2*g + 4*x + 197099, g - 65673 = -4*x. Is g a prime number?
False
Suppose -23*p + 274 - 90 = 0. Suppose p*l - 108147 = 613. Is l prime?
False
Let x = -6608 - -9735. Is x a composite number?
True
Suppose -652 - 1208 = -10*b. Let l = b - -455. Is l a composite number?
False
Let j(i) = 3125*i**2 + 232*i + 458. Is j(-2) composite?
True
Let x(q) = q**3 - 5*q**2 + 12*q - 23. Let f be x(10). Suppose 909 + f = 6*z. Is z prime?
True
Let z(n) be the first derivative of n**2/2 - 7*n + 14. Let y be z(9). Let g = y + 20. Is g composite?
True
Let o(d) be the third derivative of 13/6*d**3 + 0 + 11/2*d**4 + 26*d**2 + 0*d. Is o(11) prime?
False
Suppose 2*g - 8 = 2*p, 13 = 2*g + 2*p + 5. Suppose k + 2*q = 200, 839 = g*k - 11*q + 6*q. Is k prime?
False
Let m = 41 - 28. Let v = m + -2. Suppose -10*j - 1847 = -v*j. Is j a prime number?
True
Let o = 150 - 138. Suppose -o*b + 1151 + 1069 = 0. Is b a composite number?
True
Let y(l) = -l**3 + 26*l**2 + 12*l - 23. Let x be ((-10)/4)/(45/(-36)). Suppose -11 = -x*v - 0*b + 5*b, -33 = -v - 3*b. Is y(v) prime?
False
Let a(v) = v**3 + 6*v**2 - 15*v. Let x be a(4). Is x/15 + -6 - (-4531)/3 composite?
False
Let o = 51536 + 83583. Is o composite?
False
Let y = 484 - 486. Let t(h) = -630*h**3 - 4*h**2 - 7*h - 17. Is t(y) a composite number?
False
Suppose 3*i = -18 + 27. Suppose 2*y + i*y = 4*d - 9972, -3*d + y + 7490 = 0. Is d a composite number?
True
Suppose d - 2*q - 5283 - 1166 = 0, -q + 12883 = 2*d. Let k = d + -3306. Is k a prime number?
True
Let c(a) be the first derivative of -15*a - 19/3*a**3 + 7*a**2 + 1/4*a**4 - 20. Is c(19) a composite number?
False
Let y be (-5)/(10/(-92)) - 2. Let x be 4/(176/4788) + 8/y. Suppose 5*f = 4*j - 2*j - 218, j + 4*f - x = 0. Is j a prime number?
True
Let d(o) = -2*o**2 - 2. Let t be d(-4). Let x = t - -38. Suppose 5*b + 3*i - x*i - 269 = 0, -2*i + 45 = b. Is b a prime number?
True
Suppose 152*s - 10900804 = -36*s. Is s composite?
True
Suppose -2*p = q - 26579, 5093 = 5*q - 4*p - 127732. Is q a composite number?
True
Let i(x) be the third derivative of -3*x**6/20 - x**5/12 - 3*x**4/8 - 3*x**3/2 - 28*x**2 + x. Suppose 0 = -11*w + 12*w + 4. Is i(w) composite?
True
Let k be (-40 + 35)*(0 - (-1)/(-1)). Suppose 166737 = k*w + 38452. Is w a composite number?
False
Suppose -11421 - 2637 = -18*m. Let x = m - -370. Is x a prime number?
True
Let z(q) = -28427*q + 41. Is z(-4) composite?
False
Let u be (2/(-4))/(-2 - (-18)/8). Let j be (9 - 9)*u/4. Suppose 3*m + 0*m + 96 = z, j = -5*z + 2*m + 441. Is z a composite number?
True
Suppose 0 = -99*o + 85*o + 1891918. Is o a prime number?
False
Let t(d) = -177*d + 1489. Is t(-24) composite?
False
Is (-511889)/(-3) - 1040/390 a prime number?
True
Suppose -7*s + 614 = 215. Let q = 59 - s. Suppose q*x - 4*j + 3*j - 421 = 0, x = -2*j + 213. Is x a prime number?
True
Suppose -13*a + 8*a + 19863 = 3*z, 0 = -5*z + 5*a + 33105. Let s = z - 2478. Is s a composite number?
True
Suppose 2*